{"id":8,"date":"2013-01-05T16:40:52","date_gmt":"2013-01-05T16:40:52","guid":{"rendered":"http:\/\/amakoi.arkku.net\/asiakas\/?page_id=8"},"modified":"2026-04-19T13:57:04","modified_gmt":"2026-04-19T10:57:04","slug":"harjoitukset","status":"publish","type":"page","link":"http:\/\/sandokai.fi\/aikido\/harjoitukset\/","title":{"rendered":"Harjoitukset"},"content":{"rendered":"<h2>Aikidon kev\u00e4tkauden harjoitusaikataulu 2026<\/h2>\n<p>Allaoleviin harjoitusvuoroihin tulevat muutokset tiedotetaan Sandokain s\u00e4hk\u00f6postissa, nettisivuilla ja Facebookissa.<\/p>\n<hr \/>\n<h3>Harjoitukset 5.1. &#8211; 31.5.2026<\/h3>\n<p><strong>Maanantai<\/strong><br \/>\n18.00 &#8211; 19.30 Yleinen harjoitus \/ Pasi<\/p>\n<p><strong>Keskiviikko<\/strong><br \/>\n19.00 &#8211; 20.30 Yleinen harjoitus \/ Tuomo<\/p>\n<p><strong>Torstai<\/strong><br \/>\n20.00 &#8211; 21.00 Yleinen harjoitus \/ Erik<\/p>\n<p><strong>Lauantai<\/strong><br \/>\n11.30 &#8211; 12.30 Junioriharjoitus (keltaiset natsat &amp; uudet)\/ Kari<br \/>\n12.30 &#8211; 13.30 Junioriharjoitus (jatkoryhm\u00e4) \/ Kari<br \/>\n13.30 &#8211; 14.30 Yleinen harjoitus \/ Kari<\/p>\n<p><strong>Sunnuntai\u00a0<\/strong><br \/>\n16.00 &#8211; 17.00 Aikidon kuntoharjoitus + vapaaharjoitus \/ Erik<\/p>\n<hr \/>\n<h2>Harjoitusaikakuvaukset<\/h2>\n<p>Sandokaissa aikidoa harjoitellaan junioriryhmiss\u00e4 (7-12 v.) ja aikuisryhmiss\u00e4 (13 v. t\u00e4ytt\u00e4neet nuoret ja aikuiset). Aikuisryhm\u00e4n 13 vuoden alaik\u00e4raja on ohjeellinen, sill\u00e4 t\u00e4rke\u00e4mp\u00e4\u00e4 on into ja kiinnostus teknisemp\u00e4\u00e4n harjoitteluun. Ik\u00e4rajan syyn\u00e4 on harjoitusten sis\u00e4lt\u00f6jen erilaisuus ja harjoittelijoiden kokoerot. Ks. alempaa poikkeuksista.<\/p>\n<p><strong>Juniorit\/jatkojuniorit:<\/strong> Aikidon aloittavat ja muutaman vuoden harjoitelleet juniorit. Harjoituksissa k\u00e4yd\u00e4\u00e4n l\u00e4pi aikidon perusteita, tehd\u00e4\u00e4n aikidotekniikoita ja leikit\u00e4\u00e4n ja pelataan. Juniorien harjoitukset ovat kev\u00e4tkaudella lauantaisin klo 11.30 &#8211; 12.30 (aloittavat ja muutaman natsan suorittaneet) ja klo 12.30 &#8211; 13.30 (jatkojuniorit). Juniorit saavat k\u00e4yd\u00e4 jatkojuniorien harjoituksissa ja toisin p\u00e4in, mutta opetettavat tekniikat on painotettu alkuper\u00e4ist\u00e4 kohderyhm\u00e4\u00e4 silm\u00e4ll\u00e4 pit\u00e4en.<\/p>\n<p><strong>Yleinen harjoitus:<\/strong> Aikuisten harjoitus, jossa harjoitellaan perustekniikoita, vapaatekniikkaa, erilaisia sovelluksia ja asetekniikoita ohjaajan valinnan mukaan.<\/p>\n<p><strong>Aamuharjoitus:<\/strong> Yleinen harjoitus aikuisille ja aloittelijoille.<\/p>\n<p><strong>Vapaaharjoitus:<\/strong> Ohjaamaton harjoitus, joissa voi k\u00e4yd\u00e4 omaan tahtiin haluamiaan tekniikoita oman parinsa kanssa l\u00e4pi tai kerrata yksin vaikka asetekniikoita tai shikkoa. Paikalla on ohjaaja vastaamassa kysymyksiin. Sovi etuk\u00e4teen jonkun treenikaverin kanssa vapaaharjoittelusta, jotta saat itsellesi harjoitusparin n\u00e4ihin treeneihin. Muilla vapaaharjoituksiin tulevilla on yleens\u00e4 jo omat kuviot sovittuna.<\/p>\n<p><strong>Aikidon kuntoharjoitus:<\/strong> Kaikille tarkoitettu reipas kunnonkohotusharjoitus, johon voivat tulla my\u00f6s muut kuin aikidon harjoittelijat.<\/p>\n<hr \/>\n<p><strong>JUNNUIHIN VAI AIKUISIIN?<\/strong><br \/>\nVaikka aikuisten treenien ik\u00e4raja on 13 vuotta, poikkeuksia voidaan tehd\u00e4. Meille on t\u00e4rkeint\u00e4, ett\u00e4 jokainen p\u00e4\u00e4see harjoittelemaan eik\u00e4 harjoitteluinto katkea esimerkiksi siihen, etteiv\u00e4t junioritreenien leikit kiinnosta. Harjoittelija tai huoltaja voivat kysy\u00e4 ohjaajilta mahdollisuudesta siirty\u00e4 esimerkiksi junioreista tasoharjoituksiin. Poikkeuksellisesti alle 12-vuotiaat voivat siis harjoitella tasoharjoituksissa tai yleisiss\u00e4 harjoituksissa, kunhan asiasta on sovittu ohjaajan kanssa. Aikuiset saavat k\u00e4yd\u00e4 junioritreeneiss\u00e4 apuohjaajan roolissa &#8211; apuohjaaja saa osallistua leikkeihin!<\/p>\n","protected":false},"excerpt":{"rendered":"<p>Aikidon kev\u00e4tkauden harjoitusaikataulu 2026 Allaoleviin harjoitusvuoroihin tulevat muutokset tiedotetaan Sandokain s\u00e4hk\u00f6postissa, nettisivuilla ja Facebookissa. Harjoitukset 5.1. &#8211; 31.5.2026 Maanantai 18.00 &#8211; 19.30 Yleinen harjoitus \/ Pasi Keskiviikko 19.00 &#8211; 20.30 Yleinen harjoitus \/ Tuomo Torstai 20.00 &#8211; 21.00 Yleinen harjoitus \/ Erik Lauantai 11.30 &#8211; 12.30 Junioriharjoitus (keltaiset natsat &amp; uudet)\/ Kari 12.30 &#8211; 13.30 [&hellip;]<\/p>\n","protected":false},"author":8,"featured_media":0,"parent":0,"menu_order":0,"comment_status":"open","ping_status":"open","template":"","meta":{"footnotes":""},"class_list":["post-8","page","type-page","status-publish","hentry"],"_links":{"self":[{"href":"http:\/\/sandokai.fi\/aikido\/wp-json\/wp\/v2\/pages\/8","targetHints":{"allow":["GET"]}}],"collection":[{"href":"http:\/\/sandokai.fi\/aikido\/wp-json\/wp\/v2\/pages"}],"about":[{"href":"http:\/\/sandokai.fi\/aikido\/wp-json\/wp\/v2\/types\/page"}],"author":[{"embeddable":true,"href":"http:\/\/sandokai.fi\/aikido\/wp-json\/wp\/v2\/users\/8"}],"replies":[{"embeddable":true,"href":"http:\/\/sandokai.fi\/aikido\/wp-json\/wp\/v2\/comments?post=8"}],"version-history":[{"count":294,"href":"http:\/\/sandokai.fi\/aikido\/wp-json\/wp\/v2\/pages\/8\/revisions"}],"predecessor-version":[{"id":3726,"href":"http:\/\/sandokai.fi\/aikido\/wp-json\/wp\/v2\/pages\/8\/revisions\/3726"}],"wp:attachment":[{"href":"http:\/\/sandokai.fi\/aikido\/wp-json\/wp\/v2\/media?parent=8"}],"curies":[{"name":"wp","href":"https:\/\/api.w.org\/{rel}","templated":true}]}}