{"id":2229,"date":"2015-03-01T15:43:19","date_gmt":"2015-03-01T15:43:19","guid":{"rendered":"http:\/\/sandokai.fi\/aikido\/?page_id=2229"},"modified":"2015-03-01T15:43:19","modified_gmt":"2015-03-01T15:43:19","slug":"ohjaajien-ja-huoltajien-pelisaannot","status":"publish","type":"page","link":"http:\/\/sandokai.fi\/aikido\/harjoittelusta\/ohjaajien-ja-huoltajien-pelisaannot\/","title":{"rendered":"Ohjaajien ja huoltajien pelis\u00e4\u00e4nn\u00f6t"},"content":{"rendered":"<ol>\n<li>Huolehdimme yhdess\u00e4 hyv\u00e4st\u00e4 k\u00e4yt\u00f6ksest\u00e4 my\u00f6s tatamin ulkopuolella. Ohjaajilla ja huoltajilla on lupa puuttua lasten toimintaan k\u00e4yt\u00e4vill\u00e4 ja pukuhuoneissa. Mink\u00e4\u00e4nlaista kiusaamista ei sallita.<\/li>\n<li>Jos juniorilla on vaikkapa terveydentilaan liittyvi\u00e4 erityistarpeita, tai jos juniorille on sattunut jotain mik\u00e4 voi vaikuttaa juniorin oloon tai k\u00e4yt\u00f6kseen harjoituksissa, huoltajat kertovat siit\u00e4 ohjaajille ennen harjoitusta.<\/li>\n<li>Jos juniori loukkaantuu harjoituksissa, tai jos h\u00e4nelle on harjoituksissa tapahtunut jotain muuta tavanomaisesta poikkeavaa, siit\u00e4 ilmoitetaan huoltajille heti.<\/li>\n<li>Ohjaajat ottavat harjoituksissa huomioon lasten kokoerot ja luonne-erot. Pyrit\u00e4\u00e4n siihen, ett\u00e4 kaikki harjoittelisivat kaikkien kanssa, turvallisuuden ja harjoittelumukavuuden rajoissa.<\/li>\n<li>Junnujen huoltajat tukevat ohjaajia aikidoharjoitteluun liittyviss\u00e4 asioissa niin harjoituksissa kuin niiden ulkopuolella.<\/li>\n<li>Junnujen huoltajille j\u00e4rjestet\u00e4\u00e4n tapaaminen ohjaajien kanssa 1-2 kertaa kaudessa. Kauden alussa kerrataan salin s\u00e4\u00e4nn\u00f6t ja annetaan uusien junnujen huoltajille ohjausta lajiin.<\/li>\n<\/ol>\n<p>Keravalla 28.2.2015<\/p>\n","protected":false},"excerpt":{"rendered":"<p>Huolehdimme yhdess\u00e4 hyv\u00e4st\u00e4 k\u00e4yt\u00f6ksest\u00e4 my\u00f6s tatamin ulkopuolella. Ohjaajilla ja huoltajilla on lupa puuttua lasten toimintaan k\u00e4yt\u00e4vill\u00e4 ja pukuhuoneissa. Mink\u00e4\u00e4nlaista kiusaamista ei sallita. Jos juniorilla on vaikkapa terveydentilaan liittyvi\u00e4 erityistarpeita, tai jos juniorille on sattunut jotain mik\u00e4 voi vaikuttaa juniorin oloon tai k\u00e4yt\u00f6kseen harjoituksissa, huoltajat kertovat siit\u00e4 ohjaajille ennen harjoitusta. Jos juniori loukkaantuu harjoituksissa, tai jos [&hellip;]<\/p>\n","protected":false},"author":8,"featured_media":0,"parent":1453,"menu_order":0,"comment_status":"closed","ping_status":"closed","template":"","meta":{"footnotes":""},"class_list":["post-2229","page","type-page","status-publish","hentry"],"_links":{"self":[{"href":"http:\/\/sandokai.fi\/aikido\/wp-json\/wp\/v2\/pages\/2229","targetHints":{"allow":["GET"]}}],"collection":[{"href":"http:\/\/sandokai.fi\/aikido\/wp-json\/wp\/v2\/pages"}],"about":[{"href":"http:\/\/sandokai.fi\/aikido\/wp-json\/wp\/v2\/types\/page"}],"author":[{"embeddable":true,"href":"http:\/\/sandokai.fi\/aikido\/wp-json\/wp\/v2\/users\/8"}],"replies":[{"embeddable":true,"href":"http:\/\/sandokai.fi\/aikido\/wp-json\/wp\/v2\/comments?post=2229"}],"version-history":[{"count":1,"href":"http:\/\/sandokai.fi\/aikido\/wp-json\/wp\/v2\/pages\/2229\/revisions"}],"predecessor-version":[{"id":2230,"href":"http:\/\/sandokai.fi\/aikido\/wp-json\/wp\/v2\/pages\/2229\/revisions\/2230"}],"up":[{"embeddable":true,"href":"http:\/\/sandokai.fi\/aikido\/wp-json\/wp\/v2\/pages\/1453"}],"wp:attachment":[{"href":"http:\/\/sandokai.fi\/aikido\/wp-json\/wp\/v2\/media?parent=2229"}],"curies":[{"name":"wp","href":"https:\/\/api.w.org\/{rel}","templated":true}]}}