{"id":1474,"date":"2013-12-31T20:28:54","date_gmt":"2013-12-31T20:28:54","guid":{"rendered":"http:\/\/sandokai.fi\/aikido\/?page_id=1474"},"modified":"2023-04-07T17:22:41","modified_gmt":"2023-04-07T14:22:41","slug":"alennukset","status":"publish","type":"page","link":"http:\/\/sandokai.fi\/aikido\/maksut\/alennukset\/","title":{"rendered":"Alennukset"},"content":{"rendered":"<h2>Perhealennus<\/h2>\n<p>Saman perheen j\u00e4senet saavat alennusta 50 % harjoitusmaksusta (ensimm\u00e4inen maksaa t\u00e4yden hinnan, seuraavat maksavat puolet). <span style=\"color: #000000;\"><strong>Huom. Alennus koskee pelkk\u00e4\u00e4 harjoittelua, j\u00e4senmaksu on aina maksettava t\u00e4ysim\u00e4\u00e4r\u00e4isen\u00e4<\/strong>.<\/span><\/p>\n<h2>Ilmainen kokeilu<\/h2>\n<p>Voit kokeilla aikidoa veloituksetta 2 viikkoa ensimm\u00e4isest\u00e4 k\u00e4yntikerrastasi alkaen ja k\u00e4yd\u00e4 tuona aikana niin monissa harjoituksissa kuin haluat \u2013 pyyd\u00e4 vaikka kaverisikin mukaan! Kokeilussakin on kuitenkin oltava voimassa oleva <a href=\"https:\/\/www.aikidoliitto.fi\/liitto\/lisenssi\/\">Aikidolisenssi<\/a><\/p>\n<h2>Liikuntasetelit<\/h2>\n<p>Meill\u00e4 toimii <a href=\"http:\/\/www.smartum.fi\/\" target=\"_blank\" rel=\"noopener noreferrer\">Smartum Liikuntaseteli, Smartum Liikunta- ja kulttuuriseteli, SmartumPay<\/a>, <a href=\"https:\/\/www.epassi.fi\" target=\"_blank\" rel=\"noopener noreferrer\">ePassi<\/a> sek\u00e4 <a href=\"https:\/\/www.edenred.fi\" target=\"_blank\" rel=\"noopener noreferrer\"> Edenred<\/a>. <strong>Liikuntasetelill\u00e4 voit maksaa harjoitusmaksun, mutta j\u00e4senmaksu maksetaan aina tilille.<\/strong><\/a><\/p>\n<p><strong>Maksujen aikatauluja voi r\u00e4\u00e4t\u00e4l\u00f6id\u00e4<\/strong>, mik\u00e4li tilanteesi sellaista vaatii. Asiasta pit\u00e4\u00e4 kuitenkin sopia etuk\u00e4teen aikidojaoksen sihteerin Pasi Rantalan kanssa.<\/p>\n","protected":false},"excerpt":{"rendered":"<p>Perhealennus Saman perheen j\u00e4senet saavat alennusta 50 % harjoitusmaksusta (ensimm\u00e4inen maksaa t\u00e4yden hinnan, seuraavat maksavat puolet). Huom. Alennus koskee pelkk\u00e4\u00e4 harjoittelua, j\u00e4senmaksu on aina maksettava t\u00e4ysim\u00e4\u00e4r\u00e4isen\u00e4. Ilmainen kokeilu Voit kokeilla aikidoa veloituksetta 2 viikkoa ensimm\u00e4isest\u00e4 k\u00e4yntikerrastasi alkaen ja k\u00e4yd\u00e4 tuona aikana niin monissa harjoituksissa kuin haluat \u2013 pyyd\u00e4 vaikka kaverisikin mukaan! Kokeilussakin on kuitenkin oltava [&hellip;]<\/p>\n","protected":false},"author":8,"featured_media":0,"parent":1450,"menu_order":0,"comment_status":"closed","ping_status":"closed","template":"","meta":{"footnotes":""},"class_list":["post-1474","page","type-page","status-publish","hentry"],"_links":{"self":[{"href":"http:\/\/sandokai.fi\/aikido\/wp-json\/wp\/v2\/pages\/1474","targetHints":{"allow":["GET"]}}],"collection":[{"href":"http:\/\/sandokai.fi\/aikido\/wp-json\/wp\/v2\/pages"}],"about":[{"href":"http:\/\/sandokai.fi\/aikido\/wp-json\/wp\/v2\/types\/page"}],"author":[{"embeddable":true,"href":"http:\/\/sandokai.fi\/aikido\/wp-json\/wp\/v2\/users\/8"}],"replies":[{"embeddable":true,"href":"http:\/\/sandokai.fi\/aikido\/wp-json\/wp\/v2\/comments?post=1474"}],"version-history":[{"count":11,"href":"http:\/\/sandokai.fi\/aikido\/wp-json\/wp\/v2\/pages\/1474\/revisions"}],"predecessor-version":[{"id":3507,"href":"http:\/\/sandokai.fi\/aikido\/wp-json\/wp\/v2\/pages\/1474\/revisions\/3507"}],"up":[{"embeddable":true,"href":"http:\/\/sandokai.fi\/aikido\/wp-json\/wp\/v2\/pages\/1450"}],"wp:attachment":[{"href":"http:\/\/sandokai.fi\/aikido\/wp-json\/wp\/v2\/media?parent=1474"}],"curies":[{"name":"wp","href":"https:\/\/api.w.org\/{rel}","templated":true}]}}